500/21)/5 - 1/3. Let x = r + -213. What is the tens digit of x?
2
Let v be (-1)/4 - (-783)/12 - -4. Suppose 0 = -66*l + v*l - 954. What is the hundreds digit of l?
3
Suppose 8*f + 70 = 10*f. What is the tens digit of (8/(-2) - -4) + f*3?
0
Suppose -3*v = 5*u - 3 - 1, -2*v = 3*u - 3. Suppose 4 = 4*c - v*c. Suppose 58 + 118 = c*f. What is the units digit of f?
4
Suppose 2*n - 5*k + 1548 + 1983 = 0, 0 = -n + 3*k - 1765. What is the hundreds digit of (9/4)/((-26)/n)?
1
Let c(v) = 153*v**2 + 50*v - 295. What is the units digit of c(6)?
3
Let x(w) = 3*w**2 - 22*w - 98. What is the tens digit of x(-11)?
0
Suppose 7 = -4*z - 1. Let h = z + 6. What is the units digit of -2*h/12*-27?
8
Suppose 60 = w + 3*w. Suppose -264 = 7*o - w*o. What is the tens digit of o?
3
Suppose 2*b = 2*o + 1342, o - 1339 = -2*b + 18. What is the hundreds digit of b?
6
Suppose 0*l - 2*j = 3*l - 1, -3 = -5*l - 3*j. Let h(v) = -2*v + 9. Let m be h(l). Suppose 5*w = m*p - 181, 3*p - w = -p + 213. What is the units digit of p?
2
Suppose -4*y + 4062 = n, -19*y + 15*y + n = -4066. What is the tens digit of y?
1
Let n be 20*2/12*(-3)/(-2). What is the hundreds digit of (-320)/n*(-2 + 2/(-4))?
1
Let i be 567 + (2/(-8) - (-42)/(-24)). Suppose -2*m = 3*m - i. What is the hundreds digit of m?
1
What is the tens digit of ((-11)/22)/((-2)/1228)?
0
Let z(r) = -r**3 + 8*r**2 - 6*r + 2. Let y be z(7). Let u be (2 + -14)*y/(-27). Suppose -b = -u*b + 135. What is the tens digit of b?
4
Let j(a) = -15*a. Let o be j(-1). Let z(c) = -c**2 + 16*c - 9. Let b be z(o). Let u = 2 + b. What is the units digit of u?
8
Let n(j) = 17 + 2*j**3 - 10*j - 12 + 10*j**2 - 3*j**3. Let z be n(10). Let x = z - -134. What is the tens digit of x?
3
Suppose 13*z = 9227 + 8947. What is the hundreds digit of z?
3
Suppose 10*h - 5145 = 2435. What is the hundreds digit of h?
7
Let y = 30 - 30. Suppose 0 = -o - y*o + 2. Suppose -o*w + 23 = -0*u + u, -3*u + 2*w = -53. What is the tens digit of u?
1
Let z(l) = -3*l - 7. Let k be z(-4). Suppose h - 123 = -3*x - 2*x, k = x. Suppose j = -j + h. What is the tens digit of j?
4
What is the hundreds digit of 672/96 + (3942 - 0)?
9
Suppose o + o - 286 = 0. Let j = -96 + o. What is the units digit of j?
7
Suppose -3*v + 2 = -f, -2*f - 2 - 2 = -v. Let t be (f - 2 - -2) + 6. Suppose t*o = k - 19, -68 = -k - k + 2*o. What is the units digit of k?
9
Suppose -n - 2*j = j - 21, 5*j = 15. Let s(l) = -49*l + 64. Let y be s(7). What is the tens digit of 4/n*y/(-3)?
3
What is the tens digit of (-1)/(((-2)/104)/(130/40))?
6
Suppose 0 = 7*z - 2*z - 15. What is the units digit of (309/(-15) - 1)/(z/(-10))?
2
Let f(w) be the second derivative of 1/12*w**4 + 0 - 2*w**2 + 2/3*w**3 + 6*w. What is the units digit of f(-6)?
8
Suppose 5 = -5*v + 15. Suppose 2*b - 5*n - 13 = 18, -v*n = 5*b - 5. What is the units digit of b?
3
What is the hundreds digit of (-1928)/2*((-92)/(-8))/(-23)?
4
Let m = 111 - 98. Suppose 0 = 12*a - m*a + 255. What is the units digit of a?
5
Suppose 440 = -6*x + 2*x. Let h = x + 199. What is the units digit of h?
9
Let v = -19 + 22. Let t(b) = -2*b**3 - 3*b**2 + 5*b**v - b + 2*b + 1 + b. What is the tens digit of t(2)?
1
Suppose -p + d + 78 = 0, -2*p - 5*d + 74 + 117 = 0. What is the tens digit of p?
8
Let g(k) = 346*k - 381. What is the thousands digit of g(6)?
1
Suppose 0 = -5*y + 2*a + 142, 4*a = -3*y + 57 + 23. Let j = -34 - y. Let q = 88 + j. What is the tens digit of q?
2
Suppose 10*a = 13*a - 27. What is the tens digit of ((-78)/9)/((-1 - 2)/a)?
2
Let p(j) = -56*j + 36. What is the hundreds digit of p(-19)?
1
Suppose -5*z + 163 = -42. Suppose -4*s - 56 = 4*j, 5*s - 33 = 3*j + z. Let f = j - -40. What is the tens digit of f?
2
Suppose 0 = -3*a - 2*r - 110, -r = 4 - 3. Let t be (-2)/8 + 639/a. Let m = t - -27. What is the units digit of m?
9
Suppose 0 = -5*c - 5, 2 = 6*d - 2*d + 2*c. Let t = d + 6. Suppose -3*r = -14 - t. What is the units digit of r?
7
Let v(m) = -m**3 + 12*m**2 - 17*m + 12. Let u = 20 - 10. What is the tens digit of v(u)?
4
Let t = 75 + 81. Suppose -t = 4*i - 7*i. What is the units digit of i?
2
Let j(o) = -15*o - 5. Let g(s) = -s**3 - 5*s**2 - 2*s - 1. Let t be g(-2). Let u be (t/12)/(3/12). What is the tens digit of j(u)?
4
Let k = 144 - -181. Suppose 5*b - i - k = -4*i, -257 = -4*b - 3*i. What is the units digit of b?
8
Let m(f) = -3*f**3 - f**2 - 39*f + 6. Let b(h) = -5*h**3 - 2*h**2 - 59*h + 9. Let x(n) = 5*b(n) - 8*m(n). What is the hundreds digit of x(-7)?
1
Let u = -102 + 173. Let y = u + -101. Let c = 1 - y. What is the units digit of c?
1
Let t(p) = 13*p - 3. Let f(s) = s**2 + 8*s + 14. Let r be f(-6). What is the units digit of t(r)?
3
Suppose d - 1539 = -4*d - 4*u, 3*u + 1567 = 5*d. What is the tens digit of d?
1
Let m(n) be the third derivative of -10*n**2 + 1/120*n**6 + 0 - 1/6*n**3 - 1/15*n**5 + 0*n + 1/24*n**4. What is the tens digit of m(5)?
2
What is the units digit of -4 + 5 + (-12)/(36/(-8295))?
6
Let v(i) = 10*i**3 - 21*i**2 + 18*i - 10. Let a(j) = 7*j**3 - 14*j**2 + 12*j - 7. Let t(p) = 7*a(p) - 5*v(p). What is the units digit of t(3)?
9
Let t = -718 - -1111. Suppose 2*b = 3*b - 3*r - 193, -2*b = r - t. What is the tens digit of b?
9
Let a = 6157 - 1469. What is the thousands digit of a?
4
Suppose -4*v = -2*v - 6. Let r be 4 + v + 178/2. Suppose -5*t = -331 + r. What is the tens digit of t?
4
Let o = 21 + 66. What is the tens digit of o?
8
Suppose 5*z = 2*k + 1708, 5*z + k + 101 - 1797 = 0. What is the tens digit of z?
4
Suppose -h - 4*h = -3*g, -g = -2*h. Suppose -4*i + 23 + 21 = h. Let c = 13 - i. What is the units digit of c?
2
Let g(b) = 11*b**3 - 1. Let o be g(-1). Let m(j) = -j**2 - 13*j. What is the tens digit of m(o)?
1
Let d(c) = c - 13. Let u be d(-7). Let k be -4*(u/(-8) + -3). Suppose 11 = -k*f + 37. What is the units digit of f?
3
What is the tens digit of (80*-11 - -1)/((-69)/46)?
8
Let m be (-20)/15 + (-914)/(-6). Let h = m + -46. What is the units digit of 7*(-5)/(h/(-18))?
6
Let f = -37 - -14. Let b = f + 28. Suppose 10*u - 150 = b*u. What is the tens digit of u?
3
Let r = 17 + -12. Suppose -9 - 1 = -r*y. Suppose y*p - 14 = 52. What is the units digit of p?
3
Suppose f = -f + 5*l + 128, -5*f = 2*l - 349. Suppose 2*n = -4*c + 358, -c + 16 = 5*n - f. What is the tens digit of c?
9
Let o(l) = 3*l**2 - 6*l - 3. Suppose 3*x + 13 - 28 = 0. Let r be o(x). Suppose -2*b = -b - r. What is the units digit of b?
2
Let l(a) be the second derivative of -a**4/12 + 4*a**3/3 - 3*a**2 + a. Let r = 22 - 15. What is the units digit of l(r)?
1
Let c(h) = -h**3 - 14*h**2 + 16*h + 17. Let v be c(-15). Suppose 3*j = -v*r - 139, 4*r = -3*j - r - 127. Let a = j - -77. What is the tens digit of a?
2
Let d be (3 - (-18)/(-10))/(2/(-5)). What is the tens digit of 4 - (d + 7) - -31*7?
1
Let v(u) = -24*u**3 - 6*u**2 - 30*u - 1. What is the thousands digit of v(-4)?
1
Let a be 1/(2 - (5 + -2)). Let z be (-4 - (a - 1)) + 114. What is the tens digit of z/21*(-36)/(-3)?
6
Suppose c - 8 = -6. Suppose -2*g - 258 = -5*j + j, 0 = -c*g - 2. What is the tens digit of j?
6
Suppose 11*u = -942 + 8059. What is the hundreds digit of u?
6
Suppose -30*t + 26*t + 192 = 0. Suppose c + t = 4*z - 277, -2*z + 3*c = -175. What is the units digit of z?
0
Suppose -3*k = x - 80, -3*k + 48 = -3*x - 36. What is the units digit of k?
7
Let m = 24 - 25. What is the tens digit of -1*35/(-1) + m?
3
Let r(x) = -x**2 + 1. Let v be r(2). Let m(y) be the second derivative of y**5/20 + y**4/3 + y**3/2 + 3*y**2/2 + 3*y + 5. What is the units digit of m(v)?
3
Let c(t) = 5*t**2 + 2*t + 1. Let w be c(-1). Suppose 0 = -4*l - 4*n - 48 + 172, 97 = w*l - 5*n. What is the tens digit of l?
2
Suppose 34 = o + 2*f - f, 130 = 5*o - 5*f. Let j be (2/(-3))/(2/(-12)). What is the units digit of j/(-2 + o/9)?
3
What is the hundreds digit of (-4 - 4)/((-58)/(-30) + -2)?
1
Suppose 3*r + 220 = -2*v + 900, 5*r - 347 = -v. What is the tens digit of v?
3
What is the tens digit of (-59 + 1)*15*(-202)/303?
8
Let k = 744 + -132. What is the tens digit of k?
1
Suppose 11 = g - 7. Let w be (-30)/3*g/(-15). What is the units digit of w/14 - 6/(-42)?
1
Suppose -5 = b - 2. Let h be (-6)/b*7/2. Suppose h*y + 104 = 11*y. What is the units digit of y?
6
Suppose 0 = -4*m + p + 3069, 2*m = 5*m - 4*p - 2318. What is 